-- https://www.phpmyadmin.net/
--
-- Tempo de geração: 25/07/2017 às 20:19
-- Versão do servidor: 5.7.14
-- Versão do PHP: 7.0.10




--
-- Banco de dados: `celke`
--

-- --------------------------------------------------------

--
-- Estrutura para tabela `carrinhos`
--

CREATE TABLE `carrinhos` (
  `id` int(11) NOT NULL,
  `obs` text,
  `usuario_id` int(11) NOT NULL,
  `created` datetime NOT NULL,
  `modified` datetime DEFAULT NULL
) ENGINE=MyISAM DEFAULT CHARSET=utf8;

--
-- Fazendo dump de dados para tabela `carrinhos`
--

INSERT INTO `carrinhos` (`id`, `obs`, `usuario_id`, `created`, `modified`) VALUES
(1, NULL, 9, '2017-07-23 00:00:00', NULL),
(2, NULL, 10, '2017-07-16 15:36:42', NULL);

-- --------------------------------------------------------

--
-- Estrutura para tabela `carrinhos_produtos`
--

CREATE TABLE `carrinhos_produtos` (
  `id` int(11) NOT NULL,
  `valor_cotacao` double NOT NULL,
  `valor_venda` double NOT NULL,
  `qnt_produto` int(11) NOT NULL,
  `obs` text,
  `produto_id` int(11) NOT NULL,
  `carrinho_id` int(11) NOT NULL,
  `created` datetime NOT NULL,
  `modified` datetime DEFAULT NULL
) ENGINE=MyISAM DEFAULT CHARSET=utf8;

--
-- Fazendo dump de dados para tabela `carrinhos_produtos`
--

INSERT INTO `carrinhos_produtos` (`id`, `valor_cotacao`, `valor_venda`, `qnt_produto`, `obs`, `produto_id`, `carrinho_id`, `created`, `modified`) VALUES
(21, 100, 95, 1, NULL, 1, 2, '2017-07-24 18:43:04', '2017-07-24 18:46:14');

-- --------------------------------------------------------

--
-- Estrutura para tabela `categorias_produtos`
--

CREATE TABLE `categorias_produtos` (
  `id` int(11) NOT NULL,
  `nome` varchar(220) NOT NULL,
  `situacao_id` int(11) NOT NULL,
  `created` datetime NOT NULL,
  `modified` datetime DEFAULT NULL
) ENGINE=MyISAM DEFAULT CHARSET=utf8;

--
-- Fazendo dump de dados para tabela `categorias_produtos`
--

INSERT INTO `categorias_produtos` (`id`, `nome`, `situacao_id`, `created`, `modified`) VALUES
(1, 'Informática', 1, '2017-06-23 00:00:00', '2017-06-10 13:40:22'),
(2, 'Tablets', 1, '2017-06-10 12:46:31', NULL);

-- --------------------------------------------------------

--
-- Estrutura para tabela `cors`
--

CREATE TABLE `cors` (
  `id` int(11) NOT NULL,
  `nome` varchar(50) NOT NULL,
  `created` datetime NOT NULL,
  `modified` datetime DEFAULT NULL
) ENGINE=MyISAM DEFAULT CHARSET=utf8;

--
-- Fazendo dump de dados para tabela `cors`
--

INSERT INTO `cors` (`id`, `nome`, `created`, `modified`) VALUES
(1, 'defautl', '2017-06-23 00:00:00', NULL),
(2, 'primary', '2017-06-23 00:00:00', NULL),
(3, 'success', '2017-06-23 00:00:00', NULL),
(4, 'info', '2017-06-23 00:00:00', NULL),
(5, 'warning', '2017-06-23 00:00:00', NULL),
(6, 'danger', '2017-06-23 00:00:00', NULL),
(7, 'roxo', '2017-06-23 00:00:00', NULL);

-- --------------------------------------------------------

--
-- Estrutura para tabela `fornecedores`
--

CREATE TABLE `fornecedores` (
  `id` int(11) NOT NULL,
  `nome` varchar(220) NOT NULL,
  `usuario_id` int(11) NOT NULL,
  `created` datetime NOT NULL,
  `modified` datetime DEFAULT NULL
) ENGINE=MyISAM DEFAULT CHARSET=utf8;

--
-- Fazendo dump de dados para tabela `fornecedores`
--

INSERT INTO `fornecedores` (`id`, `nome`, `usuario_id`, `created`, `modified`) VALUES
(1, 'Celke', 5, '2017-06-23 00:00:00', '2017-07-25 16:12:17'),
(2, 'Empresa 2', 2, '2017-06-23 00:00:00', NULL);

-- --------------------------------------------------------

--
-- Estrutura para tabela `niveis_acessos`
--

CREATE TABLE `niveis_acessos` (
  `id` int(11) NOT NULL,
  `nome_nivel_acesso` varchar(50) NOT NULL,
  `ordem` int(11) NOT NULL,
  `created` datetime NOT NULL,
  `modified` datetime DEFAULT NULL
) ENGINE=MyISAM DEFAULT CHARSET=utf8;

--
-- Fazendo dump de dados para tabela `niveis_acessos`
--

INSERT INTO `niveis_acessos` (`id`, `nome_nivel_acesso`, `ordem`, `created`, `modified`) VALUES
(1, 'Super Administrador', 1, '2017-04-21 00:00:00', '2017-05-14 18:56:46'),
(2, 'Financeiro', 4, '2017-04-24 00:00:00', '2017-05-17 21:56:38'),
(3, 'Administrado', 2, '2017-04-24 00:00:00', '2017-05-14 18:57:05'),
(4, 'Cliente', 6, '2017-04-24 00:00:00', '2017-05-17 21:56:35'),
(9, 'Visitante', 7, '2017-05-05 20:19:42', '2017-05-17 21:56:34'),
(13, 'Estagiário', 5, '2017-05-13 15:18:56', '2017-05-17 21:56:37'),
(15, 'Gerente de Vendas', 3, '2017-05-17 21:56:31', '2017-05-17 21:56:38');

-- --------------------------------------------------------

--
-- Estrutura para tabela `niveis_acessos_paginas`
--

CREATE TABLE `niveis_acessos_paginas` (
  `id` int(11) NOT NULL,
  `niveis_acesso_id` int(11) NOT NULL,
  `pagina_id` int(11) NOT NULL,
  `permissao` int(11) NOT NULL,
  `menu` int(11) NOT NULL DEFAULT '2',
  `ordem` int(11) NOT NULL,
  `created` datetime NOT NULL,
  `modified` datetime DEFAULT NULL
) ENGINE=MyISAM DEFAULT CHARSET=utf8;

--
-- Fazendo dump de dados para tabela `niveis_acessos_paginas`
--

INSERT INTO `niveis_acessos_paginas` (`id`, `niveis_acesso_id`, `pagina_id`, `permissao`, `menu`, `ordem`, `created`, `modified`) VALUES
(1, 1, 1, 1, 1, 2, '2017-04-24 00:00:00', '2017-05-15 13:06:20'),
(2, 1, 2, 1, 2, 7, '2017-04-24 00:00:00', '2017-05-15 10:44:35'),
(3, 1, 3, 1, 2, 3, '2017-04-24 00:00:00', '2017-05-15 13:01:27'),
(4, 1, 4, 1, 2, 4, '2017-04-24 00:00:00', NULL),
(5, 1, 5, 1, 2, 5, '2017-04-24 00:00:00', NULL),
(6, 1, 6, 1, 2, 6, '2017-04-24 00:00:00', NULL),
(7, 1, 7, 1, 1, 1, '2017-04-24 00:00:00', '2017-05-15 13:06:20'),
(8, 1, 8, 1, 2, 8, '2017-05-24 00:00:00', NULL),
(9, 1, 9, 1, 1, 9, '2017-05-24 00:00:00', NULL),
(10, 1, 10, 1, 2, 10, '2017-05-24 00:00:00', NULL),
(11, 1, 11, 1, 2, 11, '2017-05-24 00:00:00', NULL),
(12, 1, 12, 1, 2, 12, '2017-05-23 00:00:00', NULL),
(13, 1, 13, 1, 2, 13, '2017-05-23 00:00:00', NULL),
(14, 1, 14, 1, 2, 14, '2017-05-23 00:00:00', NULL),
(15, 1, 15, 1, 2, 15, '2017-05-23 00:00:00', NULL),
(16, 1, 16, 1, 2, 16, '2017-05-23 00:00:00', NULL),
(17, 1, 17, 1, 2, 17, '2017-05-23 00:00:00', NULL),
(18, 1, 18, 1, 2, 18, '2017-05-23 00:00:00', '2017-05-14 20:51:15'),
(19, 1, 19, 1, 2, 19, '2017-05-23 00:00:00', NULL),
(20, 1, 20, 1, 2, 20, '2017-05-23 00:00:00', NULL),
(21, 1, 21, 1, 1, 21, '2017-05-23 00:00:00', '2017-05-17 15:25:12'),
(22, 1, 22, 1, 2, 22, '2017-05-23 00:00:00', NULL),
(23, 1, 23, 1, 2, 23, '2017-05-23 00:00:00', NULL),
(24, 1, 25, 1, 2, 24, '2017-05-17 17:48:58', NULL),
(25, 1, 26, 1, 2, 25, '2017-05-17 18:26:46', NULL),
(26, 1, 27, 1, 2, 26, '2017-05-17 19:08:28', NULL),
(27, 1, 28, 1, 2, 27, '2017-05-17 20:42:40', NULL),
(28, 2, 1, 1, 1, 2, '2017-05-17 21:56:00', '2017-05-17 21:59:04'),
(29, 2, 2, 1, 2, 3, '2017-05-17 21:56:00', '2017-05-17 21:59:12'),
(30, 2, 3, 1, 2, 4, '2017-05-17 21:56:00', '2017-05-17 21:59:12'),
(31, 2, 4, 1, 2, 5, '2017-05-17 21:56:00', '2017-05-17 21:59:11'),
(32, 2, 5, 1, 2, 6, '2017-05-17 21:56:00', '2017-05-17 21:59:11'),
(33, 2, 6, 1, 2, 7, '2017-05-17 21:56:00', '2017-05-17 21:59:10'),
(34, 2, 7, 1, 1, 1, '2017-05-17 21:56:00', '2017-05-17 21:59:04'),
(35, 2, 8, 1, 2, 8, '2017-05-17 21:56:00', '2017-05-17 21:59:10'),
(36, 2, 9, 1, 1, 9, '2017-05-17 21:56:00', '2017-05-17 21:59:08'),
(37, 2, 10, 1, 2, 10, '2017-05-17 21:56:00', '2017-05-17 21:59:13'),
(38, 2, 11, 1, 2, 11, '2017-05-17 21:56:00', '2017-05-17 21:59:14'),
(39, 2, 12, 1, 2, 12, '2017-05-17 21:56:00', '2017-05-17 21:59:14'),
(40, 2, 13, 1, 2, 13, '2017-05-17 21:56:00', '2017-05-17 21:59:15'),
(41, 2, 14, 1, 2, 14, '2017-05-17 21:56:00', '2017-05-17 21:59:15'),
(42, 2, 15, 1, 2, 15, '2017-05-17 21:56:00', '2017-05-17 21:59:16'),
(43, 2, 16, 1, 2, 16, '2017-05-17 21:56:00', '2017-05-17 21:59:16'),
(44, 2, 17, 1, 2, 17, '2017-05-17 21:56:00', '2017-05-17 21:59:19'),
(45, 2, 18, 1, 2, 18, '2017-05-17 21:56:00', '2017-05-17 21:59:21'),
(46, 2, 19, 1, 2, 19, '2017-05-17 21:56:00', '2017-05-17 21:59:29'),
(47, 2, 20, 1, 2, 20, '2017-05-17 21:56:00', '2017-05-17 21:59:27'),
(48, 2, 21, 2, 2, 21, '2017-05-17 21:56:00', NULL),
(49, 2, 22, 2, 2, 22, '2017-05-17 21:56:00', NULL),
(50, 2, 23, 2, 2, 23, '2017-05-17 21:56:00', NULL),
(51, 2, 27, 2, 2, 24, '2017-05-17 21:56:00', NULL),
(52, 2, 25, 2, 2, 25, '2017-05-17 21:56:00', NULL),
(53, 2, 26, 2, 2, 26, '2017-05-17 21:56:00', NULL),
(54, 2, 28, 2, 2, 27, '2017-05-17 21:56:00', NULL),
(55, 3, 1, 1, 1, 2, '2017-05-17 21:56:00', '2017-05-17 21:57:34'),
(56, 3, 2, 1, 2, 3, '2017-05-17 21:56:00', '2017-05-17 21:57:42'),
(57, 3, 3, 1, 2, 4, '2017-05-17 21:56:00', '2017-05-17 21:57:43'),
(58, 3, 4, 1, 2, 5, '2017-05-17 21:56:00', '2017-05-17 21:57:43'),
(59, 3, 5, 1, 2, 6, '2017-05-17 21:56:00', '2017-05-17 21:57:44'),
(60, 3, 6, 1, 2, 7, '2017-05-17 21:56:00', '2017-05-17 21:57:26'),
(61, 3, 7, 1, 1, 1, '2017-05-17 21:56:00', '2017-05-17 21:57:31'),
(62, 3, 8, 1, 2, 8, '2017-05-17 21:56:00', '2017-05-17 21:57:46'),
(63, 3, 9, 1, 1, 9, '2017-05-17 21:56:00', '2017-05-17 21:57:40'),
(64, 3, 10, 1, 2, 10, '2017-05-17 21:56:00', '2017-05-17 21:57:49'),
(65, 3, 11, 1, 2, 11, '2017-05-17 21:56:00', '2017-05-17 21:57:50'),
(66, 3, 12, 1, 2, 12, '2017-05-17 21:56:00', '2017-05-17 21:57:51'),
(67, 3, 13, 1, 2, 13, '2017-05-17 21:56:00', '2017-05-17 21:57:52'),
(68, 3, 14, 1, 2, 14, '2017-05-17 21:56:00', '2017-05-17 21:57:52'),
(69, 3, 15, 1, 2, 15, '2017-05-17 21:56:00', '2017-05-17 21:57:53'),
(70, 3, 16, 1, 2, 16, '2017-05-17 21:56:00', '2017-05-17 21:57:54'),
(71, 3, 17, 1, 2, 17, '2017-05-17 21:56:00', '2017-05-17 21:58:01'),
(72, 3, 18, 1, 2, 18, '2017-05-17 21:56:00', '2017-05-17 21:58:03'),
(73, 3, 19, 1, 2, 19, '2017-05-17 21:56:00', '2017-05-17 21:58:05'),
(74, 3, 20, 1, 2, 20, '2017-05-17 21:56:00', '2017-05-17 21:58:07'),
(75, 3, 21, 2, 2, 21, '2017-05-17 21:56:00', NULL),
(76, 3, 22, 2, 2, 22, '2017-05-17 21:56:00', NULL),
(77, 3, 23, 2, 2, 23, '2017-05-17 21:56:00', NULL),
(78, 3, 27, 2, 2, 24, '2017-05-17 21:56:00', NULL),
(79, 3, 25, 2, 2, 25, '2017-05-17 21:56:00', NULL),
(80, 3, 26, 2, 2, 26, '2017-05-17 21:56:00', NULL),
(81, 3, 28, 2, 2, 27, '2017-05-17 21:56:00', NULL),
(82, 4, 1, 2, 2, 1, '2017-05-17 21:56:00', NULL),
(83, 4, 2, 2, 2, 2, '2017-05-17 21:56:00', NULL),
(84, 4, 3, 2, 2, 3, '2017-05-17 21:56:00', NULL),
(85, 4, 4, 2, 2, 4, '2017-05-17 21:56:00', NULL),
(86, 4, 5, 2, 2, 5, '2017-05-17 21:56:00', NULL),
(87, 4, 6, 2, 2, 6, '2017-05-17 21:56:00', NULL),
(88, 4, 7, 1, 1, 7, '2017-05-17 21:56:00', '2017-06-09 12:26:25'),
(89, 4, 8, 2, 2, 8, '2017-05-17 21:56:00', NULL),
(90, 4, 9, 2, 2, 9, '2017-05-17 21:56:00', NULL),
(91, 4, 10, 2, 2, 10, '2017-05-17 21:56:00', NULL),
(92, 4, 11, 2, 2, 11, '2017-05-17 21:56:00', NULL),
(93, 4, 12, 2, 2, 12, '2017-05-17 21:56:00', NULL),
(94, 4, 13, 2, 2, 13, '2017-05-17 21:56:00', NULL),
(95, 4, 14, 2, 2, 14, '2017-05-17 21:56:00', NULL),
(96, 4, 15, 2, 2, 15, '2017-05-17 21:56:00', NULL),
(97, 4, 16, 2, 2, 16, '2017-05-17 21:56:00', NULL),
(98, 4, 17, 2, 2, 17, '2017-05-17 21:56:00', NULL),
(99, 4, 18, 2, 2, 18, '2017-05-17 21:56:00', NULL),
(100, 4, 19, 2, 2, 19, '2017-05-17 21:56:00', NULL),
(101, 4, 20, 2, 2, 20, '2017-05-17 21:56:00', NULL),
(102, 4, 21, 2, 2, 21, '2017-05-17 21:56:00', NULL),
(103, 4, 22, 2, 2, 22, '2017-05-17 21:56:00', NULL),
(104, 4, 23, 2, 2, 23, '2017-05-17 21:56:00', NULL),
(105, 4, 27, 2, 2, 24, '2017-05-17 21:56:00', NULL),
(106, 4, 25, 2, 2, 25, '2017-05-17 21:56:00', NULL),
(107, 4, 26, 2, 2, 26, '2017-05-17 21:56:00', NULL),
(108, 4, 28, 2, 2, 27, '2017-05-17 21:56:00', NULL),
(109, 9, 1, 2, 2, 1, '2017-05-17 21:56:00', NULL),
(110, 9, 2, 2, 2, 2, '2017-05-17 21:56:00', NULL),
(111, 9, 3, 2, 2, 3, '2017-05-17 21:56:00', NULL),
(112, 9, 4, 2, 2, 4, '2017-05-17 21:56:00', NULL),
(113, 9, 5, 2, 2, 5, '2017-05-17 21:56:00', NULL),
(114, 9, 6, 2, 2, 6, '2017-05-17 21:56:00', NULL),
(115, 9, 7, 2, 2, 7, '2017-05-17 21:56:00', NULL),
(116, 9, 8, 2, 2, 8, '2017-05-17 21:56:00', NULL),
(117, 9, 9, 2, 2, 9, '2017-05-17 21:56:00', NULL),
(118, 9, 10, 2, 2, 10, '2017-05-17 21:56:00', NULL),
(119, 9, 11, 2, 2, 11, '2017-05-17 21:56:00', NULL),
(120, 9, 12, 2, 2, 12, '2017-05-17 21:56:00', NULL),
(121, 9, 13, 2, 2, 13, '2017-05-17 21:56:00', NULL),
(122, 9, 14, 2, 2, 14, '2017-05-17 21:56:00', NULL),
(123, 9, 15, 2, 2, 15, '2017-05-17 21:56:00', NULL),
(124, 9, 16, 2, 2, 16, '2017-05-17 21:56:00', NULL),
(125, 9, 17, 2, 2, 17, '2017-05-17 21:56:00', NULL),
(126, 9, 18, 2, 2, 18, '2017-05-17 21:56:00', NULL),
(127, 9, 19, 2, 2, 19, '2017-05-17 21:56:00', NULL),
(128, 9, 20, 2, 2, 20, '2017-05-17 21:56:00', NULL),
(129, 9, 21, 2, 2, 21, '2017-05-17 21:56:00', NULL),
(130, 9, 22, 2, 2, 22, '2017-05-17 21:56:00', NULL),
(131, 9, 23, 2, 2, 23, '2017-05-17 21:56:00', NULL),
(132, 9, 27, 2, 2, 24, '2017-05-17 21:56:00', NULL),
(133, 9, 25, 2, 2, 25, '2017-05-17 21:56:00', NULL),
(134, 9, 26, 2, 2, 26, '2017-05-17 21:56:00', NULL),
(135, 9, 28, 2, 2, 27, '2017-05-17 21:56:00', NULL),
(136, 13, 1, 2, 2, 1, '2017-05-17 21:56:00', NULL),
(137, 13, 2, 2, 2, 2, '2017-05-17 21:56:00', NULL),
(138, 13, 3, 2, 2, 3, '2017-05-17 21:56:00', NULL),
(139, 13, 4, 2, 2, 4, '2017-05-17 21:56:00', NULL),
(140, 13, 5, 2, 2, 5, '2017-05-17 21:56:00', NULL),
(141, 13, 6, 2, 2, 6, '2017-05-17 21:56:00', NULL),
(142, 13, 7, 2, 2, 7, '2017-05-17 21:56:00', NULL),
(143, 13, 8, 2, 2, 8, '2017-05-17 21:56:00', NULL),
(144, 13, 9, 2, 2, 9, '2017-05-17 21:56:00', NULL),
(145, 13, 10, 2, 2, 10, '2017-05-17 21:56:00', NULL),
(146, 13, 11, 2, 2, 11, '2017-05-17 21:56:00', NULL),
(147, 13, 12, 2, 2, 12, '2017-05-17 21:56:00', NULL),
(148, 13, 13, 2, 2, 13, '2017-05-17 21:56:00', NULL),
(149, 13, 14, 2, 2, 14, '2017-05-17 21:56:00', NULL),
(150, 13, 15, 2, 2, 15, '2017-05-17 21:56:00', NULL),
(151, 13, 16, 2, 2, 16, '2017-05-17 21:56:00', NULL),
(152, 13, 17, 2, 2, 17, '2017-05-17 21:56:00', NULL),
(153, 13, 18, 2, 2, 18, '2017-05-17 21:56:00', NULL),
(154, 13, 19, 2, 2, 19, '2017-05-17 21:56:00', NULL),
(155, 13, 20, 2, 2, 20, '2017-05-17 21:56:00', NULL),
(156, 13, 21, 2, 2, 21, '2017-05-17 21:56:00', NULL),
(157, 13, 22, 2, 2, 22, '2017-05-17 21:56:00', NULL),
(158, 13, 23, 2, 2, 23, '2017-05-17 21:56:00', NULL),
(159, 13, 27, 2, 2, 24, '2017-05-17 21:56:00', NULL),
(160, 13, 25, 2, 2, 25, '2017-05-17 21:56:00', NULL),
(161, 13, 26, 2, 2, 26, '2017-05-17 21:56:00', NULL),
(162, 13, 28, 2, 2, 27, '2017-05-17 21:56:00', NULL),
(163, 15, 1, 1, 1, 2, '2017-05-17 21:56:45', '2017-05-17 21:57:08'),
(164, 15, 2, 1, 2, 3, '2017-05-17 21:56:45', '2017-05-17 21:57:07'),
(165, 15, 3, 1, 2, 4, '2017-05-17 21:56:45', '2017-05-17 21:57:06'),
(166, 15, 4, 1, 2, 5, '2017-05-17 21:56:45', '2017-05-17 21:57:04'),
(167, 15, 5, 1, 2, 6, '2017-05-17 21:56:45', '2017-05-17 21:57:03'),
(168, 15, 6, 2, 2, 7, '2017-05-17 21:56:45', '2017-05-17 21:57:02'),
(169, 15, 7, 1, 1, 1, '2017-05-17 21:56:45', '2017-05-17 21:57:08'),
(170, 15, 8, 1, 2, 8, '2017-05-17 21:56:45', '2017-06-20 19:08:43'),
(171, 15, 9, 2, 2, 9, '2017-05-17 21:56:45', NULL),
(172, 15, 10, 2, 2, 10, '2017-05-17 21:56:45', NULL),
(173, 15, 11, 2, 2, 11, '2017-05-17 21:56:45', NULL),
(174, 15, 12, 2, 2, 12, '2017-05-17 21:56:45', NULL),
(175, 15, 13, 2, 2, 13, '2017-05-17 21:56:45', NULL),
(176, 15, 14, 2, 2, 14, '2017-05-17 21:56:45', NULL),
(177, 15, 15, 2, 2, 15, '2017-05-17 21:56:45', NULL),
(178, 15, 16, 2, 2, 16, '2017-05-17 21:56:45', NULL),
(179, 15, 17, 2, 2, 17, '2017-05-17 21:56:45', NULL),
(180, 15, 18, 2, 2, 18, '2017-05-17 21:56:45', NULL),
(181, 15, 19, 2, 2, 19, '2017-05-17 21:56:45', NULL),
(182, 15, 20, 2, 2, 20, '2017-05-17 21:56:45', NULL),
(183, 15, 21, 2, 2, 21, '2017-05-17 21:56:45', NULL),
(184, 15, 22, 2, 2, 22, '2017-05-17 21:56:45', NULL),
(185, 15, 23, 2, 2, 23, '2017-05-17 21:56:45', NULL),
(186, 15, 27, 2, 2, 24, '2017-05-17 21:56:45', NULL),
(187, 15, 25, 2, 2, 25, '2017-05-17 21:56:45', NULL),
(188, 15, 26, 2, 2, 26, '2017-05-17 21:56:45', NULL),
(189, 15, 28, 2, 2, 27, '2017-05-17 21:56:45', NULL),
(190, 1, 29, 1, 2, 28, '2017-06-09 13:09:30', NULL),
(191, 2, 29, 2, 2, 28, '2017-06-09 13:09:30', NULL),
(192, 3, 29, 2, 2, 28, '2017-06-09 13:09:30', NULL),
(193, 4, 29, 1, 2, 28, '2017-06-09 13:09:30', '2017-06-09 13:09:48'),
(194, 9, 29, 2, 2, 28, '2017-06-09 13:09:30', NULL),
(195, 13, 29, 2, 2, 28, '2017-06-09 13:09:30', NULL),
(196, 15, 29, 2, 2, 28, '2017-06-09 13:09:30', NULL),
(197, 1, 30, 1, 2, 29, '2017-06-09 13:54:38', NULL),
(198, 2, 30, 2, 2, 29, '2017-06-09 13:54:38', NULL),
(199, 3, 30, 2, 2, 29, '2017-06-09 13:54:38', NULL),
(200, 4, 30, 1, 2, 29, '2017-06-09 13:54:38', '2017-06-09 13:54:55'),
(201, 9, 30, 2, 2, 29, '2017-06-09 13:54:38', NULL),
(202, 13, 30, 2, 2, 29, '2017-06-09 13:54:38', NULL),
(203, 15, 30, 2, 2, 29, '2017-06-09 13:54:38', NULL),
(204, 1, 31, 1, 2, 30, '2017-06-09 14:02:59', NULL),
(205, 2, 31, 2, 2, 30, '2017-06-09 14:02:59', NULL),
(206, 3, 31, 2, 2, 30, '2017-06-09 14:02:59', NULL),
(207, 4, 31, 1, 2, 30, '2017-06-09 14:02:59', '2017-06-09 14:03:10'),
(208, 9, 31, 2, 2, 30, '2017-06-09 14:02:59', NULL),
(209, 13, 31, 2, 2, 30, '2017-06-09 14:02:59', NULL),
(210, 15, 31, 2, 2, 30, '2017-06-09 14:02:59', NULL),
(211, 1, 32, 1, 2, 31, '2017-06-09 14:21:40', NULL),
(212, 2, 32, 2, 2, 31, '2017-06-09 14:21:40', NULL),
(213, 3, 32, 2, 2, 31, '2017-06-09 14:21:40', NULL),
(214, 4, 32, 1, 2, 31, '2017-06-09 14:21:40', '2017-06-09 14:21:52'),
(215, 9, 32, 2, 2, 31, '2017-06-09 14:21:40', NULL),
(216, 13, 32, 2, 2, 31, '2017-06-09 14:21:40', NULL),
(217, 15, 32, 2, 2, 31, '2017-06-09 14:21:40', NULL),
(218, 1, 33, 1, 2, 32, '2017-06-09 14:26:13', NULL),
(219, 2, 33, 2, 2, 32, '2017-06-09 14:26:13', NULL),
(220, 3, 33, 2, 2, 32, '2017-06-09 14:26:13', NULL),
(221, 4, 33, 1, 2, 32, '2017-06-09 14:26:13', '2017-06-09 14:26:29'),
(222, 9, 33, 2, 2, 32, '2017-06-09 14:26:13', NULL),
(223, 13, 33, 2, 2, 32, '2017-06-09 14:26:13', NULL),
(224, 15, 33, 2, 2, 32, '2017-06-09 14:26:13', NULL),
(225, 1, 34, 1, 1, 33, '2017-06-10 11:13:49', '2017-06-10 11:14:11'),
(226, 2, 34, 2, 2, 33, '2017-06-10 11:13:49', NULL),
(227, 3, 34, 2, 2, 33, '2017-06-10 11:13:49', NULL),
(228, 4, 34, 2, 2, 33, '2017-06-10 11:13:49', NULL),
(229, 9, 34, 2, 2, 33, '2017-06-10 11:13:49', NULL),
(230, 13, 34, 2, 2, 33, '2017-06-10 11:13:49', NULL),
(231, 15, 34, 2, 2, 33, '2017-06-10 11:13:49', NULL),
(232, 1, 35, 1, 2, 34, '2017-06-10 11:39:42', NULL),
(233, 2, 35, 2, 2, 34, '2017-06-10 11:39:42', NULL),
(234, 3, 35, 2, 2, 34, '2017-06-10 11:39:42', NULL),
(235, 4, 35, 2, 2, 34, '2017-06-10 11:39:42', NULL),
(236, 9, 35, 2, 2, 34, '2017-06-10 11:39:42', NULL),
(237, 13, 35, 2, 2, 34, '2017-06-10 11:39:42', NULL),
(238, 15, 35, 2, 2, 34, '2017-06-10 11:39:42', NULL),
(239, 1, 36, 1, 2, 35, '2017-06-10 12:06:39', NULL),
(240, 2, 36, 2, 2, 35, '2017-06-10 12:06:39', NULL),
(241, 3, 36, 2, 2, 35, '2017-06-10 12:06:39', NULL),
(242, 4, 36, 2, 2, 35, '2017-06-10 12:06:39', NULL),
(243, 9, 36, 2, 2, 35, '2017-06-10 12:06:39', NULL),
(244, 13, 36, 2, 2, 35, '2017-06-10 12:06:39', NULL),
(245, 15, 36, 2, 2, 35, '2017-06-10 12:06:39', NULL),
(246, 1, 37, 1, 2, 36, '2017-06-10 12:32:54', NULL),
(247, 2, 37, 2, 2, 36, '2017-06-10 12:32:54', NULL),
(248, 3, 37, 2, 2, 36, '2017-06-10 12:32:54', NULL),
(249, 4, 37, 2, 2, 36, '2017-06-10 12:32:54', NULL),
(250, 9, 37, 2, 2, 36, '2017-06-10 12:32:54', NULL),
(251, 13, 37, 2, 2, 36, '2017-06-10 12:32:54', NULL),
(252, 15, 37, 2, 2, 36, '2017-06-10 12:32:54', NULL),
(253, 1, 38, 1, 2, 37, '2017-06-10 12:58:52', NULL),
(254, 2, 38, 2, 2, 37, '2017-06-10 12:58:52', NULL),
(255, 3, 38, 2, 2, 37, '2017-06-10 12:58:52', NULL),
(256, 4, 38, 2, 2, 37, '2017-06-10 12:58:52', NULL),
(257, 9, 38, 2, 2, 37, '2017-06-10 12:58:52', NULL),
(258, 13, 38, 2, 2, 37, '2017-06-10 12:58:52', NULL),
(259, 15, 38, 2, 2, 37, '2017-06-10 12:58:52', NULL),
(260, 1, 39, 1, 2, 38, '2017-06-10 13:22:43', NULL),
(261, 2, 39, 2, 2, 38, '2017-06-10 13:22:43', NULL),
(262, 3, 39, 2, 2, 38, '2017-06-10 13:22:43', NULL),
(263, 4, 39, 2, 2, 38, '2017-06-10 13:22:43', NULL),
(264, 9, 39, 2, 2, 38, '2017-06-10 13:22:43', NULL),
(265, 13, 39, 2, 2, 38, '2017-06-10 13:22:43', NULL),
(266, 15, 39, 2, 2, 38, '2017-06-10 13:22:43', NULL),
(267, 1, 40, 1, 2, 39, '2017-06-10 13:47:25', NULL),
(268, 2, 40, 2, 2, 39, '2017-06-10 13:47:25', NULL),
(269, 3, 40, 2, 2, 39, '2017-06-10 13:47:25', NULL),
(270, 4, 40, 2, 2, 39, '2017-06-10 13:47:25', NULL),
(271, 9, 40, 2, 2, 39, '2017-06-10 13:47:25', NULL),
(272, 13, 40, 2, 2, 39, '2017-06-10 13:47:25', NULL),
(273, 15, 40, 2, 2, 39, '2017-06-10 13:47:25', NULL),
(274, 1, 41, 1, 1, 40, '2017-06-10 15:10:44', '2017-06-10 15:10:58'),
(275, 2, 41, 2, 2, 40, '2017-06-10 15:10:44', NULL),
(276, 3, 41, 2, 2, 40, '2017-06-10 15:10:44', NULL),
(277, 4, 41, 2, 2, 40, '2017-06-10 15:10:44', NULL),
(278, 9, 41, 2, 2, 40, '2017-06-10 15:10:44', NULL),
(279, 13, 41, 2, 2, 40, '2017-06-10 15:10:44', NULL),
(280, 15, 41, 2, 2, 40, '2017-06-10 15:10:44', NULL),
(281, 1, 42, 1, 2, 41, '2017-06-10 15:45:57', NULL),
(282, 2, 42, 2, 2, 41, '2017-06-10 15:45:57', NULL),
(283, 3, 42, 2, 2, 41, '2017-06-10 15:45:57', NULL),
(284, 4, 42, 2, 2, 41, '2017-06-10 15:45:57', NULL),
(285, 9, 42, 2, 2, 41, '2017-06-10 15:45:57', NULL),
(286, 13, 42, 2, 2, 41, '2017-06-10 15:45:57', NULL),
(287, 15, 42, 2, 2, 41, '2017-06-10 15:45:57', NULL),
(288, 1, 43, 1, 2, 42, '2017-06-13 15:26:54', NULL),
(289, 2, 43, 2, 2, 42, '2017-06-13 15:26:54', NULL),
(290, 3, 43, 2, 2, 42, '2017-06-13 15:26:54', NULL),
(291, 4, 43, 2, 2, 42, '2017-06-13 15:26:54', NULL),
(292, 9, 43, 2, 2, 42, '2017-06-13 15:26:54', NULL),
(293, 13, 43, 2, 2, 42, '2017-06-13 15:26:54', NULL),
(294, 15, 43, 2, 2, 42, '2017-06-13 15:26:54', NULL),
(295, 1, 44, 1, 2, 43, '2017-06-14 14:04:38', NULL),
(296, 2, 44, 2, 2, 43, '2017-06-14 14:04:38', NULL),
(297, 3, 44, 2, 2, 43, '2017-06-14 14:04:38', NULL),
(298, 4, 44, 2, 2, 43, '2017-06-14 14:04:38', NULL),
(299, 9, 44, 2, 2, 43, '2017-06-14 14:04:38', NULL),
(300, 13, 44, 2, 2, 43, '2017-06-14 14:04:38', NULL),
(301, 15, 44, 2, 2, 43, '2017-06-14 14:04:38', NULL),
(302, 1, 45, 1, 2, 44, '2017-06-14 14:40:04', NULL),
(303, 2, 45, 2, 2, 44, '2017-06-14 14:40:04', NULL),
(304, 3, 45, 2, 2, 44, '2017-06-14 14:40:04', NULL),
(305, 4, 45, 2, 2, 44, '2017-06-14 14:40:04', NULL),
(306, 9, 45, 2, 2, 44, '2017-06-14 14:40:04', NULL),
(307, 13, 45, 2, 2, 44, '2017-06-14 14:40:04', NULL),
(308, 15, 45, 2, 2, 44, '2017-06-14 14:40:04', NULL),
(309, 1, 46, 1, 2, 45, '2017-06-14 15:56:22', NULL),
(310, 2, 46, 2, 2, 45, '2017-06-14 15:56:22', NULL),
(311, 3, 46, 2, 2, 45, '2017-06-14 15:56:22', NULL),
(312, 4, 46, 2, 2, 45, '2017-06-14 15:56:22', NULL),
(313, 9, 46, 2, 2, 45, '2017-06-14 15:56:22', NULL),
(314, 13, 46, 2, 2, 45, '2017-06-14 15:56:22', NULL),
(315, 15, 46, 2, 2, 45, '2017-06-14 15:56:22', NULL),
(316, 1, 47, 1, 2, 46, '2017-06-14 16:33:51', NULL),
(317, 2, 47, 2, 2, 46, '2017-06-14 16:33:51', NULL),
(318, 3, 47, 2, 2, 46, '2017-06-14 16:33:51', NULL),
(319, 4, 47, 2, 2, 46, '2017-06-14 16:33:51', NULL),
(320, 9, 47, 2, 2, 46, '2017-06-14 16:33:51', NULL),
(321, 13, 47, 2, 2, 46, '2017-06-14 16:33:51', NULL),
(322, 15, 47, 2, 2, 46, '2017-06-14 16:33:51', NULL),
(323, 1, 48, 1, 1, 47, '2017-06-20 17:29:12', '2017-06-20 17:29:26'),
(324, 2, 48, 2, 2, 47, '2017-06-20 17:29:13', NULL),
(325, 3, 48, 2, 2, 47, '2017-06-20 17:29:13', NULL),
(326, 4, 48, 2, 2, 47, '2017-06-20 17:29:13', NULL),
(327, 9, 48, 2, 2, 47, '2017-06-20 17:29:13', NULL),
(328, 13, 48, 2, 2, 47, '2017-06-20 17:29:13', NULL),
(329, 15, 48, 1, 1, 47, '2017-06-20 17:29:13', '2017-06-20 17:29:57'),
(330, 1, 49, 1, 2, 48, '2017-06-20 18:55:29', NULL),
(331, 2, 49, 2, 2, 48, '2017-06-20 18:55:29', NULL),
(332, 3, 49, 2, 2, 48, '2017-06-20 18:55:29', NULL),
(333, 4, 49, 2, 2, 48, '2017-06-20 18:55:29', NULL),
(334, 9, 49, 2, 2, 48, '2017-06-20 18:55:29', NULL),
(335, 13, 49, 2, 2, 48, '2017-06-20 18:55:29', NULL),
(336, 15, 49, 1, 2, 48, '2017-06-20 18:55:29', '2017-06-20 18:55:51'),
(337, 1, 50, 1, 2, 49, '2017-07-16 14:31:35', NULL),
(338, 2, 50, 2, 2, 49, '2017-07-16 14:31:35', NULL),
(339, 3, 50, 2, 2, 49, '2017-07-16 14:31:35', NULL),
(340, 4, 50, 2, 2, 49, '2017-07-16 14:31:35', NULL),
(341, 9, 50, 2, 2, 49, '2017-07-16 14:31:35', NULL),
(342, 13, 50, 2, 2, 49, '2017-07-16 14:31:35', NULL),
(343, 15, 50, 1, 2, 49, '2017-07-16 14:31:35', '2017-07-16 14:32:54'),
(344, 1, 51, 1, 2, 50, '2017-07-16 14:44:14', NULL),
(345, 2, 51, 2, 2, 50, '2017-07-16 14:44:14', NULL),
(346, 3, 51, 2, 2, 50, '2017-07-16 14:44:14', NULL),
(347, 4, 51, 2, 2, 50, '2017-07-16 14:44:14', NULL),
(348, 9, 51, 2, 2, 50, '2017-07-16 14:44:14', NULL),
(349, 13, 51, 2, 2, 50, '2017-07-16 14:44:14', NULL),
(350, 15, 51, 1, 2, 50, '2017-07-16 14:44:14', '2017-07-16 14:45:39'),
(351, 1, 52, 1, 2, 51, '2017-07-21 18:52:47', NULL),
(352, 2, 52, 2, 2, 51, '2017-07-21 18:52:47', NULL),
(353, 3, 52, 2, 2, 51, '2017-07-21 18:52:47', NULL),
(354, 4, 52, 2, 2, 51, '2017-07-21 18:52:47', NULL),
(355, 9, 52, 2, 2, 51, '2017-07-21 18:52:47', NULL),
(356, 13, 52, 2, 2, 51, '2017-07-21 18:52:47', NULL),
(357, 15, 52, 1, 2, 51, '2017-07-21 18:52:47', '2017-07-21 18:53:00'),
(358, 1, 53, 1, 2, 52, '2017-07-21 20:25:03', NULL),
(359, 2, 53, 2, 2, 52, '2017-07-21 20:25:03', NULL),
(360, 3, 53, 2, 2, 52, '2017-07-21 20:25:03', NULL),
(361, 4, 53, 2, 2, 52, '2017-07-21 20:25:03', NULL),
(362, 9, 53, 2, 2, 52, '2017-07-21 20:25:03', NULL),
(363, 13, 53, 2, 2, 52, '2017-07-21 20:25:03', NULL),
(364, 15, 53, 1, 2, 52, '2017-07-21 20:25:03', '2017-07-21 20:25:10'),
(365, 1, 54, 1, 2, 53, '2017-07-21 21:07:29', NULL),
(366, 2, 54, 2, 2, 53, '2017-07-21 21:07:29', NULL),
(367, 3, 54, 2, 2, 53, '2017-07-21 21:07:29', NULL),
(368, 4, 54, 2, 2, 53, '2017-07-21 21:07:29', NULL),
(369, 9, 54, 2, 2, 53, '2017-07-21 21:07:29', NULL),
(370, 13, 54, 2, 2, 53, '2017-07-21 21:07:29', NULL),
(371, 15, 54, 1, 2, 53, '2017-07-21 21:07:29', '2017-07-21 21:07:38'),
(372, 1, 55, 1, 2, 54, '2017-07-21 22:25:47', NULL),
(373, 2, 55, 2, 2, 54, '2017-07-21 22:25:47', NULL),
(374, 3, 55, 2, 2, 54, '2017-07-21 22:25:47', NULL),
(375, 4, 55, 2, 2, 54, '2017-07-21 22:25:47', NULL),
(376, 9, 55, 2, 2, 54, '2017-07-21 22:25:47', NULL),
(377, 13, 55, 2, 2, 54, '2017-07-21 22:25:47', NULL),
(378, 15, 55, 1, 2, 54, '2017-07-21 22:25:47', '2017-07-21 22:28:18'),
(379, 1, 56, 1, 2, 55, '2017-07-22 15:18:49', NULL),
(380, 2, 56, 2, 2, 55, '2017-07-22 15:18:49', NULL),
(381, 3, 56, 2, 2, 55, '2017-07-22 15:18:49', NULL),
(382, 4, 56, 2, 2, 55, '2017-07-22 15:18:49', NULL),
(383, 9, 56, 2, 2, 55, '2017-07-22 15:18:49', NULL),
(384, 13, 56, 2, 2, 55, '2017-07-22 15:18:49', NULL),
(385, 15, 56, 1, 2, 55, '2017-07-22 15:18:49', '2017-07-22 15:19:00'),
(386, 1, 57, 1, 2, 56, '2017-07-22 16:12:44', NULL),
(387, 2, 57, 2, 2, 56, '2017-07-22 16:12:44', NULL),
(388, 3, 57, 2, 2, 56, '2017-07-22 16:12:44', NULL),
(389, 4, 57, 2, 2, 56, '2017-07-22 16:12:44', NULL),
(390, 9, 57, 2, 2, 56, '2017-07-22 16:12:44', NULL),
(391, 13, 57, 2, 2, 56, '2017-07-22 16:12:44', NULL),
(392, 15, 57, 1, 2, 56, '2017-07-22 16:12:44', '2017-07-22 16:12:53'),
(393, 1, 58, 1, 2, 57, '2017-07-22 16:31:40', NULL),
(394, 2, 58, 2, 2, 57, '2017-07-22 16:31:40', NULL),
(395, 3, 58, 2, 2, 57, '2017-07-22 16:31:40', NULL),
(396, 4, 58, 2, 2, 57, '2017-07-22 16:31:40', NULL),
(397, 9, 58, 2, 2, 57, '2017-07-22 16:31:40', NULL),
(398, 13, 58, 2, 2, 57, '2017-07-22 16:31:40', NULL),
(399, 15, 58, 1, 2, 57, '2017-07-22 16:31:40', '2017-07-22 16:31:46'),
(400, 1, 59, 1, 2, 58, '2017-07-23 10:46:00', NULL),
(401, 2, 59, 2, 2, 58, '2017-07-23 10:46:00', NULL),
(402, 3, 59, 2, 2, 58, '2017-07-23 10:46:00', NULL),
(403, 4, 59, 2, 2, 58, '2017-07-23 10:46:00', NULL),
(404, 9, 59, 2, 2, 58, '2017-07-23 10:46:00', NULL),
(405, 13, 59, 2, 2, 58, '2017-07-23 10:46:00', NULL),
(406, 15, 59, 1, 2, 58, '2017-07-23 10:46:00', '2017-07-23 10:46:12'),
(407, 1, 60, 1, 2, 59, '2017-07-23 11:27:00', NULL),
(408, 2, 60, 2, 2, 59, '2017-07-23 11:27:00', NULL),
(409, 3, 60, 2, 2, 59, '2017-07-23 11:27:00', NULL),
(410, 4, 60, 2, 2, 59, '2017-07-23 11:27:00', NULL),
(411, 9, 60, 2, 2, 59, '2017-07-23 11:27:00', NULL),
(412, 13, 60, 2, 2, 59, '2017-07-23 11:27:00', NULL),
(413, 15, 60, 1, 2, 59, '2017-07-23 11:27:00', '2017-07-23 11:27:11'),
(414, 1, 61, 1, 2, 60, '2017-07-23 12:20:17', NULL),
(415, 2, 61, 2, 2, 60, '2017-07-23 12:20:17', NULL),
(416, 3, 61, 2, 2, 60, '2017-07-23 12:20:17', NULL),
(417, 4, 61, 2, 2, 60, '2017-07-23 12:20:17', NULL),
(418, 9, 61, 2, 2, 60, '2017-07-23 12:20:17', NULL),
(419, 13, 61, 2, 2, 60, '2017-07-23 12:20:17', NULL),
(420, 15, 61, 1, 2, 60, '2017-07-23 12:20:17', '2017-07-23 12:20:35'),
(421, 1, 62, 1, 2, 61, '2017-07-23 14:32:27', NULL),
(422, 2, 62, 2, 2, 61, '2017-07-23 14:32:28', NULL),
(423, 3, 62, 2, 2, 61, '2017-07-23 14:32:28', NULL),
(424, 4, 62, 2, 2, 61, '2017-07-23 14:32:28', NULL),
(425, 9, 62, 2, 2, 61, '2017-07-23 14:32:28', NULL),
(426, 13, 62, 2, 2, 61, '2017-07-23 14:32:28', NULL),
(427, 15, 62, 1, 2, 61, '2017-07-23 14:32:28', '2017-07-23 14:32:36'),
(435, 1, 64, 1, 2, 62, '2017-07-24 16:53:49', NULL),
(436, 2, 64, 2, 2, 62, '2017-07-24 16:53:49', NULL),
(437, 3, 64, 2, 2, 62, '2017-07-24 16:53:49', NULL),
(438, 4, 64, 2, 2, 62, '2017-07-24 16:53:49', NULL),
(439, 9, 64, 2, 2, 62, '2017-07-24 16:53:49', NULL),
(440, 13, 64, 2, 2, 62, '2017-07-24 16:53:49', NULL),
(441, 15, 64, 1, 2, 62, '2017-07-24 16:53:49', '2017-07-24 16:57:17'),
(442, 1, 65, 1, 2, 63, '2017-07-24 18:30:57', NULL),
(443, 2, 65, 2, 2, 63, '2017-07-24 18:30:57', NULL),
(444, 3, 65, 2, 2, 63, '2017-07-24 18:30:57', NULL),
(445, 4, 65, 2, 2, 63, '2017-07-24 18:30:57', NULL),
(446, 9, 65, 2, 2, 63, '2017-07-24 18:30:57', NULL),
(447, 13, 65, 2, 2, 63, '2017-07-24 18:30:57', NULL),
(448, 15, 65, 1, 2, 63, '2017-07-24 18:30:57', '2017-07-24 18:31:09'),
(449, 1, 66, 1, 1, 64, '2017-07-25 15:02:48', '2017-07-25 15:03:10'),
(450, 2, 66, 2, 2, 64, '2017-07-25 15:02:48', NULL),
(451, 3, 66, 2, 2, 64, '2017-07-25 15:02:48', NULL),
(452, 4, 66, 2, 2, 64, '2017-07-25 15:02:48', NULL),
(453, 9, 66, 2, 2, 64, '2017-07-25 15:02:48', NULL),
(454, 13, 66, 2, 2, 64, '2017-07-25 15:02:48', NULL),
(455, 15, 66, 1, 1, 64, '2017-07-25 15:02:48', '2017-07-25 15:03:02'),
(456, 1, 67, 1, 2, 65, '2017-07-25 15:04:18', NULL),
(457, 2, 67, 2, 2, 65, '2017-07-25 15:04:18', NULL),
(458, 3, 67, 2, 2, 65, '2017-07-25 15:04:18', NULL),
(459, 4, 67, 2, 2, 65, '2017-07-25 15:04:18', NULL),
(460, 9, 67, 2, 2, 65, '2017-07-25 15:04:18', NULL),
(461, 13, 67, 2, 2, 65, '2017-07-25 15:04:18', NULL),
(462, 15, 67, 2, 2, 65, '2017-07-25 15:04:18', NULL),
(463, 1, 68, 1, 2, 66, '2017-07-25 15:05:39', NULL),
(464, 2, 68, 2, 2, 66, '2017-07-25 15:05:39', NULL),
(465, 3, 68, 2, 2, 66, '2017-07-25 15:05:39', NULL),
(466, 4, 68, 2, 2, 66, '2017-07-25 15:05:39', NULL),
(467, 9, 68, 2, 2, 66, '2017-07-25 15:05:39', NULL),
(468, 13, 68, 2, 2, 66, '2017-07-25 15:05:39', NULL),
(469, 15, 68, 2, 2, 66, '2017-07-25 15:05:39', NULL),
(470, 1, 69, 1, 2, 67, '2017-07-25 15:06:54', NULL),
(471, 2, 69, 2, 2, 67, '2017-07-25 15:06:54', NULL),
(472, 3, 69, 2, 2, 67, '2017-07-25 15:06:54', NULL),
(473, 4, 69, 2, 2, 67, '2017-07-25 15:06:54', NULL),
(474, 9, 69, 2, 2, 67, '2017-07-25 15:06:54', NULL),
(475, 13, 69, 2, 2, 67, '2017-07-25 15:06:54', NULL),
(476, 15, 69, 2, 2, 67, '2017-07-25 15:06:54', NULL),
(477, 1, 70, 1, 2, 68, '2017-07-25 15:07:55', NULL),
(478, 2, 70, 2, 2, 68, '2017-07-25 15:07:55', NULL),
(479, 3, 70, 2, 2, 68, '2017-07-25 15:07:55', NULL),
(480, 4, 70, 2, 2, 68, '2017-07-25 15:07:55', NULL),
(481, 9, 70, 2, 2, 68, '2017-07-25 15:07:55', NULL),
(482, 13, 70, 2, 2, 68, '2017-07-25 15:07:55', NULL),
(483, 15, 70, 2, 2, 68, '2017-07-25 15:07:55', NULL),
(484, 1, 71, 1, 2, 69, '2017-07-25 15:09:06', NULL),
(485, 2, 71, 2, 2, 69, '2017-07-25 15:09:06', NULL),
(486, 3, 71, 2, 2, 69, '2017-07-25 15:09:06', NULL),
(487, 4, 71, 2, 2, 69, '2017-07-25 15:09:06', NULL),
(488, 9, 71, 2, 2, 69, '2017-07-25 15:09:06', NULL),
(489, 13, 71, 2, 2, 69, '2017-07-25 15:09:06', NULL),
(490, 15, 71, 2, 2, 69, '2017-07-25 15:09:06', NULL),
(491, 1, 72, 1, 2, 70, '2017-07-25 15:11:25', NULL),
(492, 2, 72, 2, 2, 70, '2017-07-25 15:11:25', NULL),
(493, 3, 72, 2, 2, 70, '2017-07-25 15:11:25', NULL),
(494, 4, 72, 2, 2, 70, '2017-07-25 15:11:25', NULL),
(495, 9, 72, 2, 2, 70, '2017-07-25 15:11:25', NULL),
(496, 13, 72, 2, 2, 70, '2017-07-25 15:11:25', NULL),
(497, 15, 72, 2, 2, 70, '2017-07-25 15:11:25', NULL),
(498, 1, 73, 1, 1, 71, '2017-07-25 15:14:12', '2017-07-25 15:14:23'),
(499, 2, 73, 2, 2, 71, '2017-07-25 15:14:12', NULL),
(500, 3, 73, 2, 2, 71, '2017-07-25 15:14:12', NULL),
(501, 4, 73, 2, 2, 71, '2017-07-25 15:14:12', NULL),
(502, 9, 73, 2, 2, 71, '2017-07-25 15:14:12', NULL),
(503, 13, 73, 2, 2, 71, '2017-07-25 15:14:12', NULL),
(504, 15, 73, 2, 2, 71, '2017-07-25 15:14:12', NULL),
(505, 1, 74, 1, 2, 72, '2017-07-25 15:15:29', NULL),
(506, 2, 74, 2, 2, 72, '2017-07-25 15:15:29', NULL),
(507, 3, 74, 2, 2, 72, '2017-07-25 15:15:29', NULL),
(508, 4, 74, 2, 2, 72, '2017-07-25 15:15:29', NULL),
(509, 9, 74, 2, 2, 72, '2017-07-25 15:15:29', NULL),
(510, 13, 74, 2, 2, 72, '2017-07-25 15:15:29', NULL),
(511, 15, 74, 2, 2, 72, '2017-07-25 15:15:29', NULL),
(512, 1, 75, 1, 2, 73, '2017-07-25 15:16:34', NULL),
(513, 2, 75, 2, 2, 73, '2017-07-25 15:16:34', NULL),
(514, 3, 75, 2, 2, 73, '2017-07-25 15:16:34', NULL),
(515, 4, 75, 2, 2, 73, '2017-07-25 15:16:34', NULL),
(516, 9, 75, 2, 2, 73, '2017-07-25 15:16:34', NULL),
(517, 13, 75, 2, 2, 73, '2017-07-25 15:16:34', NULL),
(518, 15, 75, 2, 2, 73, '2017-07-25 15:16:34', NULL),
(519, 1, 76, 1, 2, 74, '2017-07-25 15:18:53', NULL),
(520, 2, 76, 2, 2, 74, '2017-07-25 15:18:53', NULL),
(521, 3, 76, 2, 2, 74, '2017-07-25 15:18:53', NULL),
(522, 4, 76, 2, 2, 74, '2017-07-25 15:18:53', NULL),
(523, 9, 76, 2, 2, 74, '2017-07-25 15:18:53', NULL),
(524, 13, 76, 2, 2, 74, '2017-07-25 15:18:53', NULL),
(525, 15, 76, 2, 2, 74, '2017-07-25 15:18:53', NULL),
(540, 1, 79, 1, 2, 75, '2017-07-25 15:48:59', NULL),
(541, 2, 79, 2, 2, 75, '2017-07-25 15:48:59', NULL),
(542, 3, 79, 2, 2, 75, '2017-07-25 15:48:59', NULL),
(543, 4, 79, 2, 2, 75, '2017-07-25 15:48:59', NULL),
(544, 9, 79, 2, 2, 75, '2017-07-25 15:48:59', NULL),
(545, 13, 79, 2, 2, 75, '2017-07-25 15:48:59', NULL),
(546, 15, 79, 2, 2, 75, '2017-07-25 15:48:59', NULL),
(547, 1, 80, 1, 2, 76, '2017-07-25 15:51:09', NULL),
(548, 2, 80, 2, 2, 76, '2017-07-25 15:51:09', NULL),
(549, 3, 80, 2, 2, 76, '2017-07-25 15:51:09', NULL),
(550, 4, 80, 2, 2, 76, '2017-07-25 15:51:09', NULL),
(551, 9, 80, 2, 2, 76, '2017-07-25 15:51:09', NULL),
(552, 13, 80, 2, 2, 76, '2017-07-25 15:51:09', NULL),
(553, 15, 80, 2, 2, 76, '2017-07-25 15:51:09', NULL),
(554, 1, 81, 1, 2, 77, '2017-07-25 15:52:46', NULL),
(555, 2, 81, 2, 2, 77, '2017-07-25 15:52:46', NULL),
(556, 3, 81, 2, 2, 77, '2017-07-25 15:52:46', NULL),
(557, 4, 81, 2, 2, 77, '2017-07-25 15:52:46', NULL),
(558, 9, 81, 2, 2, 77, '2017-07-25 15:52:46', NULL),
(559, 13, 81, 2, 2, 77, '2017-07-25 15:52:46', NULL),
(560, 15, 81, 2, 2, 77, '2017-07-25 15:52:46', NULL),
(561, 1, 82, 1, 1, 78, '2017-07-25 15:55:43', '2017-07-25 15:55:53'),
(562, 2, 82, 2, 2, 78, '2017-07-25 15:55:43', NULL),
(563, 3, 82, 2, 2, 78, '2017-07-25 15:55:43', NULL),
(564, 4, 82, 2, 2, 78, '2017-07-25 15:55:43', NULL),
(565, 9, 82, 2, 2, 78, '2017-07-25 15:55:43', NULL),
(566, 13, 82, 2, 2, 78, '2017-07-25 15:55:43', NULL),
(567, 15, 82, 2, 2, 78, '2017-07-25 15:55:43', NULL),
(568, 1, 83, 1, 2, 79, '2017-07-25 15:57:43', NULL),
(569, 2, 83, 2, 2, 79, '2017-07-25 15:57:43', NULL),
(570, 3, 83, 2, 2, 79, '2017-07-25 15:57:43', NULL),
(571, 4, 83, 2, 2, 79, '2017-07-25 15:57:43', NULL),
(572, 9, 83, 2, 2, 79, '2017-07-25 15:57:43', NULL),
(573, 13, 83, 2, 2, 79, '2017-07-25 15:57:43', NULL),
(574, 15, 83, 2, 2, 79, '2017-07-25 15:57:43', NULL),
(575, 1, 84, 1, 2, 80, '2017-07-25 15:59:28', NULL),
(576, 2, 84, 2, 2, 80, '2017-07-25 15:59:28', NULL),
(577, 3, 84, 2, 2, 80, '2017-07-25 15:59:28', NULL),
(578, 4, 84, 2, 2, 80, '2017-07-25 15:59:28', NULL),
(579, 9, 84, 2, 2, 80, '2017-07-25 15:59:28', NULL),
(580, 13, 84, 2, 2, 80, '2017-07-25 15:59:28', NULL),
(581, 15, 84, 2, 2, 80, '2017-07-25 15:59:28', NULL),
(582, 1, 85, 1, 2, 81, '2017-07-25 16:04:16', NULL),
(583, 2, 85, 2, 2, 81, '2017-07-25 16:04:16', NULL),
(584, 3, 85, 2, 2, 81, '2017-07-25 16:04:16', NULL),
(585, 4, 85, 2, 2, 81, '2017-07-25 16:04:16', NULL),
(586, 9, 85, 2, 2, 81, '2017-07-25 16:04:16', NULL),
(587, 13, 85, 2, 2, 81, '2017-07-25 16:04:16', NULL),
(588, 15, 85, 2, 2, 81, '2017-07-25 16:04:16', NULL),
(589, 1, 86, 1, 2, 82, '2017-07-25 16:05:02', NULL),
(590, 2, 86, 2, 2, 82, '2017-07-25 16:05:02', NULL),
(591, 3, 86, 2, 2, 82, '2017-07-25 16:05:02', NULL),
(592, 4, 86, 2, 2, 82, '2017-07-25 16:05:02', NULL),
(593, 9, 86, 2, 2, 82, '2017-07-25 16:05:02', NULL),
(594, 13, 86, 2, 2, 82, '2017-07-25 16:05:02', NULL),
(595, 15, 86, 2, 2, 82, '2017-07-25 16:05:02', NULL),
(596, 1, 87, 1, 2, 83, '2017-07-25 16:08:01', NULL),
(597, 2, 87, 2, 2, 83, '2017-07-25 16:08:01', NULL),
(598, 3, 87, 2, 2, 83, '2017-07-25 16:08:01', NULL),
(599, 4, 87, 2, 2, 83, '2017-07-25 16:08:01', NULL),
(600, 9, 87, 2, 2, 83, '2017-07-25 16:08:01', NULL),
(601, 13, 87, 2, 2, 83, '2017-07-25 16:08:01', NULL),
(602, 15, 87, 2, 2, 83, '2017-07-25 16:08:01', NULL),
(603, 1, 88, 1, 2, 84, '2017-07-25 16:08:50', NULL),
(604, 2, 88, 2, 2, 84, '2017-07-25 16:08:50', NULL),
(605, 3, 88, 2, 2, 84, '2017-07-25 16:08:50', NULL),
(606, 4, 88, 2, 2, 84, '2017-07-25 16:08:50', NULL),
(607, 9, 88, 2, 2, 84, '2017-07-25 16:08:50', NULL),
(608, 13, 88, 2, 2, 84, '2017-07-25 16:08:50', NULL),
(609, 15, 88, 2, 2, 84, '2017-07-25 16:08:50', NULL),
(610, 1, 89, 1, 2, 85, '2017-07-25 16:09:56', NULL),
(611, 2, 89, 2, 2, 85, '2017-07-25 16:09:56', NULL),
(612, 3, 89, 2, 2, 85, '2017-07-25 16:09:56', NULL),
(613, 4, 89, 2, 2, 85, '2017-07-25 16:09:56', NULL),
(614, 9, 89, 2, 2, 85, '2017-07-25 16:09:56', NULL),
(615, 13, 89, 2, 2, 85, '2017-07-25 16:09:56', NULL),
(616, 15, 89, 2, 2, 85, '2017-07-25 16:09:56', NULL),
(617, 1, 90, 1, 2, 86, '2017-07-25 16:11:53', NULL),
(618, 2, 90, 2, 2, 86, '2017-07-25 16:11:53', NULL),
(619, 3, 90, 2, 2, 86, '2017-07-25 16:11:53', NULL),
(620, 4, 90, 2, 2, 86, '2017-07-25 16:11:53', NULL),
(621, 9, 90, 2, 2, 86, '2017-07-25 16:11:53', NULL),
(622, 13, 90, 2, 2, 86, '2017-07-25 16:11:53', NULL),
(623, 15, 90, 2, 2, 86, '2017-07-25 16:11:53', NULL),
(624, 1, 91, 1, 2, 87, '2017-07-25 16:13:02', NULL),
(625, 2, 91, 2, 2, 87, '2017-07-25 16:13:02', NULL),
(626, 3, 91, 2, 2, 87, '2017-07-25 16:13:02', NULL),
(627, 4, 91, 2, 2, 87, '2017-07-25 16:13:02', NULL),
(628, 9, 91, 2, 2, 87, '2017-07-25 16:13:02', NULL),
(629, 13, 91, 2, 2, 87, '2017-07-25 16:13:02', NULL),
(630, 15, 91, 2, 2, 87, '2017-07-25 16:13:02', NULL),
(631, 1, 92, 1, 2, 88, '2017-07-25 16:48:36', NULL),
(632, 2, 92, 2, 2, 88, '2017-07-25 16:48:36', NULL),
(633, 3, 92, 2, 2, 88, '2017-07-25 16:48:36', NULL),
(634, 4, 92, 2, 2, 88, '2017-07-25 16:48:36', NULL),
(635, 9, 92, 2, 2, 88, '2017-07-25 16:48:36', NULL),
(636, 13, 92, 2, 2, 88, '2017-07-25 16:48:36', NULL),
(637, 15, 92, 2, 2, 88, '2017-07-25 16:48:36', '2017-07-25 17:16:35');

-- --------------------------------------------------------

--
-- Estrutura para tabela `paginas`
--

CREATE TABLE `paginas` (
  `id` int(11) NOT NULL,
  `endereco` varchar(120) NOT NULL,
  `nome_pagina` varchar(120) NOT NULL,
  `obs` text,
  `created` datetime NOT NULL,
  `modified` datetime DEFAULT NULL
) ENGINE=MyISAM DEFAULT CHARSET=utf8;

--
-- Fazendo dump de dados para tabela `paginas`
--

INSERT INTO `paginas` (`id`, `endereco`, `nome_pagina`, `obs`, `created`, `modified`) VALUES
(1, 'listar/list_usuarios', 'Usuarios', 'Página para listar usuários.', '2017-04-24 00:00:00', '2017-05-17 19:24:58'),
(2, 'cadastrar/cad_usuarios', 'Cadastrar Usuario', 'Cadastrar Usuário. Necessário liberar também a página proc_cad_usuarios.', '2017-04-24 00:00:00', '2017-05-17 22:00:10'),
(3, 'editar/edit_usuarios', 'Editar Usuario', NULL, '2017-04-24 00:00:00', NULL),
(4, 'processa/proc_cad_usuarios', 'Proc cad Usuario', NULL, '2017-04-24 00:00:00', NULL),
(5, 'processa/proc_edit_usuarios', 'Proc edit Usuario', NULL, '2017-04-24 00:00:00', NULL),
(6, 'processa/proc_apagar_usuarios', 'Proc apagar Usuario', NULL, '2017-04-24 00:00:00', NULL),
(7, 'home', 'Home', NULL, '2017-04-24 00:00:00', NULL),
(8, 'visualizar/ver_usuarios', 'Ver Usuario', NULL, '2017-04-24 00:00:00', NULL),
(9, 'listar/list_niv_acessos', 'Nivel de Acesso', NULL, '2017-05-24 00:00:00', NULL),
(10, 'cadastrar/cad_niv_acessos', 'Cadastrar Nivel de Acesso', NULL, '2017-05-24 00:00:00', NULL),
(11, 'processa/proc_cad_niv_acessos', 'Proc Cad Nivel Acesso', NULL, '2017-05-24 00:00:00', NULL),
(12, 'processa/proc_apagar_niv_acessos', 'Proc apagar nivel de acesso', NULL, '2017-05-23 00:00:00', NULL),
(13, 'visualizar/ver_niv_acessos', 'Ver Nivel Acesso', NULL, '2017-05-22 00:00:00', NULL),
(14, 'editar/edit_niv_acessos', 'Editar Nivel Acesso', NULL, '2017-05-23 00:00:00', NULL),
(15, 'processa/proc_edit_niv_acessos', 'Processa editar nivel de acesso', NULL, '2017-05-23 00:00:00', NULL),
(16, 'processa/proc_ordem_niv_acessos', 'Processa a ordem do nivel de acesso', NULL, '2017-05-23 00:00:00', NULL),
(17, 'listar/list_permissao', 'Permissao', NULL, '2017-05-23 00:00:00', NULL),
(18, 'processa/proc_liberar_permissao', 'Processa liberar permissao de acesso a pagina', NULL, '2017-05-23 00:00:00', NULL),
(19, 'processa/proc_liberar_menu', 'Processa liberar no menu', NULL, '2017-05-23 00:00:00', NULL),
(20, 'processa/proc_ordem_menu', 'Processa a ordem do item do menu', NULL, '2017-05-23 00:00:00', NULL),
(21, 'listar/list_pagina', 'Paginas', NULL, '2017-05-23 00:00:00', NULL),
(22, 'cadastrar/cad_pagina', 'Cadastrar pagina', NULL, '2017-05-23 00:00:00', NULL),
(23, 'processa/proc_cad_pagina', 'Processa cadastrar pagina', NULL, '2017-05-23 00:00:00', NULL),
(27, 'editar/edit_pagina', 'Editar a página', 'Editar a página. Necessário liberar o acesso ao "proc_edit_pagina".', '2017-05-17 19:08:28', NULL),
(25, 'processa/proc_edit_pagina', 'Processar o editar a página', 'Processar o editar a página', '2017-05-17 17:48:58', NULL),
(26, 'visualizar/ver_pagina', 'Ver detalhes da página', 'Ver detalhes da página', '2017-05-17 18:26:46', NULL),
(28, 'processa/proc_sincronizar_pagina', 'Sincronizar as páginas com nível de acesso', 'Sincronizar as páginas com nível de acesso', '2017-05-17 20:42:40', NULL),
(29, 'visualizar/perfil', 'Ver perfil', 'Página para o usuário ver o perfil', '2017-06-09 13:09:30', NULL),
(30, 'editar/edit_perfil', 'Editar perfil', 'Página para o usuário editar o seu perfil', '2017-06-09 13:54:38', NULL),
(31, 'processa/proc_edit_perfil', 'Processar o editar perfil do usuário', 'Processar o editar perfil do usuário', '2017-06-09 14:02:59', NULL),
(32, 'editar/edit_senha', 'Usuário editar a senha', 'Usuário editar a senha', '2017-06-09 14:21:40', NULL),
(33, 'processa/proc_edit_senha', 'Página para processar o formulário editar a senha', 'Página para processar o formulário editar a senha', '2017-06-09 14:26:13', NULL),
(34, 'listar/list_cat_prod', 'Categoria de Produto', 'Página para listar as categorias de produto', '2017-06-10 11:13:49', NULL),
(35, 'visualizar/ver_cat_prod', 'Visualizar detalhes da categoria do produto', 'Visualizar detalhes da categoria do produto', '2017-06-10 11:39:42', NULL),
(36, 'cadastrar/cad_cat_prod', 'Página para cadastrar categoria de produto', 'Página para cadastrar categoria de produto, necessário liberar a página proc_cad_cat_prod', '2017-06-10 12:06:39', NULL),
(37, 'processa/proc_cad_cat_prod', 'Página para inserir a categoria no BD', 'Página para inserir a categoria no BD', '2017-06-10 12:32:54', NULL),
(38, 'editar/edit_cat_prod', 'Formulário para editar a categoria de produto', 'Formulário para editar a categoria de produto', '2017-06-10 12:58:52', NULL),
(39, 'processa/proc_edit_cat_prod', 'Página responsável em editar a categoria no BD', 'Página responsável em editar a categoria no BD', '2017-06-10 13:22:43', NULL),
(40, 'processa/proc_apagar_cat_prod', 'Apagar a categoria de produto', 'Apagar a categoria de produto', '2017-06-10 13:47:25', NULL),
(41, 'listar/list_prod', 'Produto', 'Listar produtos', '2017-06-10 15:10:44', NULL),
(42, 'visualizar/ver_prod', 'Página para ver detalhes do produto', 'Página para ver detalhes do produto', '2017-06-10 15:45:57', NULL),
(43, 'cadastrar/cad_prod', 'Formulário cadastrar produto', 'Formulário cadastrar produto', '2017-06-13 15:26:54', NULL),
(44, 'processa/proc_cad_prod', 'Página para processar o formulário cadastrar produto', 'Página para processar o formulário cadastrar produto', '2017-06-14 14:04:38', NULL),
(45, 'editar/edit_prod', 'Formulário editar produto', 'Formulário editar produto', '2017-06-14 14:40:04', NULL),
(46, 'processa/proc_edit_prod', 'Página responsável em editar o produto no BD', 'Página responsável em editar o produto no BD', '2017-06-14 15:56:22', NULL),
(47, 'processa/proc_apagar_prod', 'Apagar produto', 'Apagar produto', '2017-06-14 16:33:51', NULL),
(48, 'listar/list_venda', 'Vendas', 'Listar as vendas', '2017-06-20 17:29:12', NULL),
(49, 'visualizar/ver_venda', 'Ver detalhes da venda', 'Ver detalhes da venda', '2017-06-20 18:55:29', NULL),
(50, 'listar/list_venda_user', 'Listar compras do usuário', 'Listar compras do usuário', '2017-07-16 14:31:35', NULL),
(51, 'cadastrar/cad_car', 'Cadastrar produto no carrinho', 'Cadastrar produto no carrinho', '2017-07-16 14:44:14', NULL),
(52, 'processa/proc_ins_prod_car', 'Inserir o produto no carrinho', 'Inserir o produto no carrinho', '2017-07-21 18:52:47', NULL),
(53, 'processa/proc_edit_qnt_men_prod', 'Diminuir a quantidade de produto', 'Diminuir a quantidade de produto', '2017-07-21 20:25:03', NULL),
(54, 'processa/proc_edit_qnt_mai_prod', 'Acrescentar quantidade de produto no carrinho', 'Acrescentar quantidade de produto no carrinho', '2017-07-21 21:07:29', NULL),
(55, 'processa/proc_cad_porc_desc', 'Atribui desconto', 'Atribui desconto', '2017-07-21 22:25:47', NULL),
(56, 'processa/proc_apagar_prod_car', 'Apagar produto do carrinho', 'Apagar produto do carrinho', '2017-07-22 15:18:48', NULL),
(57, 'cadastrar/cad_pg_vend', 'Cadastrar tipo de pagamento no carrinho de compra', 'Cadastrar tipo de pagamento no carrinho de compra', '2017-07-22 16:12:44', NULL),
(58, 'processa/proc_cad_pg_vend', 'Processar a página forma de pagamento do carrinho', 'Processar a página forma de pagamento do carrinho', '2017-07-22 16:31:40', NULL),
(59, 'editar/edit_venda', 'Formulário para editar o status da venda', 'Formulário para editar o status da venda', '2017-07-23 10:46:00', NULL),
(60, 'processa/proc_edit_venda', 'Processar o status da venda', 'Processar o status da venda', '2017-07-23 11:27:00', NULL),
(61, 'processa/proc_apagar_venda', 'Apagar venda', 'Apagar venda', '2017-07-23 12:20:17', NULL),
(62, 'processa/proc_apagar_prod_venda', 'Apagar produto da venda', 'Apagar produto da venda', '2017-07-23 14:32:27', NULL),
(64, 'processa/proc_edit_prod_vend', 'Processa o formulário editar quantidade de unidade na venda', 'Processa o formulário editar quantidade de unidade na venda', '2017-07-24 16:53:49', NULL),
(65, 'processa/proc_edit_desc_vend', 'Formulário editar desconto na venda', 'Formulário editar desconto na venda', '2017-07-24 18:30:57', NULL),
(66, 'listar/list_tp_pag', 'Tipo Pagamento', 'Listar os tipos de pagamento', '2017-07-25 15:02:48', NULL),
(67, 'visualizar/ver_tp_pag', 'Visualizar tipo de pagamento', 'Visualizar tipo de pagamento', '2017-07-25 15:04:18', NULL),
(68, 'editar/edit_tp_pag', 'Formulário para editar o tipo de pagamento', 'Formulário para editar o tipo de pagamento', '2017-07-25 15:05:39', NULL),
(69, 'processa/proc_edit_tp_pag', 'Processar o formulário para editar o tipo de pagamento', 'Processar o formulário para editar o tipo de pagamento', '2017-07-25 15:06:54', NULL),
(70, 'cadastrar/cad_tp_pag', 'Formulário para cadastrar o tipo de pagamento', 'Formulário para cadastrar o tipo de pagamento', '2017-07-25 15:07:55', NULL),
(71, 'processa/proc_cad_tp_pag', 'Processa o formulário cadastrar tipo de pagamento', 'Processa o formulário cadastrar tipo de pagamento', '2017-07-25 15:09:06', NULL),
(72, 'processa/proc_apagar_tp_pag', 'Apagar tipo de pagamento', 'Apagar tipo de pagamento', '2017-07-25 15:11:25', NULL),
(73, 'listar/list_st_compr', 'Status da Compra', 'Listar os status da compra', '2017-07-25 15:14:12', NULL),
(74, 'visualizar/ver_st_compr', 'Visualizar status da compra', 'Visualizar status da compra', '2017-07-25 15:15:29', NULL),
(75, 'cadastrar/cad_st_compr', 'formulário para cadastrar o status da compra', 'formulário para cadastrar o status da compra', '2017-07-25 15:16:34', NULL),
(76, 'processa/proc_cad_st_compr', 'Processa o formulário cadastrar status', 'Processa o formulário cadastrar status', '2017-07-25 15:18:53', NULL),
(79, 'editar/edit_st_compr', 'Formulário para editar o status da compra', 'Formulário para editar o status da compra', '2017-07-25 15:48:59', NULL),
(80, 'processa/proc_edit_st_compr', 'processa o formulário editar status da compra', 'processa o formulário editar status da compra', '2017-07-25 15:51:09', NULL),
(81, 'processa/proc_apagar_st_compr', 'Apagar o status da compra', 'Apagar o status da compra', '2017-07-25 15:52:46', NULL),
(82, 'listar/list_forn', 'Fornecedores', 'Listar fornecedores de produto', '2017-07-25 15:55:43', NULL),
(83, 'listar/list_usuarios_cad_forn', 'Listar usuários para selecionar o usuário para cadastrar o fornecedor', 'Listar usuários para selecionar o usuário para cadastrar o fornecedor', '2017-07-25 15:57:43', NULL),
(84, 'cadastrar/cad_forn', 'Formulário para cadastrar fornecedor', 'Formulário para cadastrar fornecedor', '2017-07-25 15:59:28', NULL),
(85, 'processa/proc_cad_forn', 'Processar formulário cadastrar fornecedor', 'Processar formulário cadastrar fornecedor', '2017-07-25 16:04:16', NULL),
(86, 'visualizar/ver_forn', 'Visualizar detalhes do fornecedor', 'Visualizar detalhes do fornecedor', '2017-07-25 16:05:02', NULL),
(87, 'editar/edit_forn', 'Formulário editar fornecedor', 'Formulário editar fornecedor', '2017-07-25 16:08:01', NULL),
(88, 'processa/proc_edit_forn', 'Processar o formulário editar fornecedor', 'Processar o formulário editar fornecedor', '2017-07-25 16:08:50', NULL),
(89, 'listar/list_usuarios_edit_forn', 'Listar usuários para selecionar o usuário para editar o fornecedor', 'Listar usuários para selecionar o usuário para editar o fornecedor', '2017-07-25 16:09:56', NULL),
(90, 'processa/proc_edit_user_forn', 'Processar o editar usuário do fornecedor', 'Processar o editar usuário do fornecedor', '2017-07-25 16:11:53', NULL),
(91, 'processa/proc_apagar_forn', 'Apagar fornecedor', 'Apagar fornecedor', '2017-07-25 16:13:02', NULL),
(92, 'visualizar/home_relatorio', 'Página para apresentar relatório na página home', 'Página para apresentar relatório na página home', '2017-07-25 16:48:36', NULL);

-- --------------------------------------------------------

--
-- Estrutura para tabela `produtos`
--

CREATE TABLE `produtos` (
  `id` int(11) NOT NULL,
  `nome` varchar(220) NOT NULL,
  `foto` varchar(220) DEFAULT NULL,
  `conteudo` text NOT NULL,
  `slug` varchar(220) NOT NULL,
  `palavra_chave` varchar(520) NOT NULL,
  `descricao` varchar(520) NOT NULL,
  `codigo_produto` varchar(220) NOT NULL,
  `codigo_barra` varchar(220) DEFAULT NULL,
  `valor_compra` double DEFAULT NULL,
  `valor_venda` double NOT NULL,
  `porcento_desc` int(11) DEFAULT NULL,
  `disponivel_estoque` int(11) NOT NULL,
  `min_estoque` int(11) DEFAULT NULL,
  `max_estoque` int(11) DEFAULT NULL,
  `cadastro` int(11) NOT NULL,
  `edito` int(11) DEFAULT NULL,
  `categorias_produto_id` int(11) NOT NULL,
  `fornecedore_id` int(11) DEFAULT NULL,
  `situacao_id` int(11) NOT NULL,
  `created` datetime NOT NULL,
  `modified` datetime DEFAULT NULL
) ENGINE=MyISAM DEFAULT CHARSET=utf8;

--
-- Fazendo dump de dados para tabela `produtos`
--

INSERT INTO `produtos` (`id`, `nome`, `foto`, `conteudo`, `slug`, `palavra_chave`, `descricao`, `codigo_produto`, `codigo_barra`, `valor_compra`, `valor_venda`, `porcento_desc`, `disponivel_estoque`, `min_estoque`, `max_estoque`, `cadastro`, `edito`, `categorias_produto_id`, `fornecedore_id`, `situacao_id`, `created`, `modified`) VALUES
(1, 'Mouse', 'cinco.png', '', '', '', '', '10001', '456456451564894894', 30, 100, 10, 4, 4, 80, 1, NULL, 1, 1, 1, '2017-07-24 19:35:27', '2017-07-24 18:29:38'),
(2, 'Teclado', 'cinco.png', '<p>Teclado</p>\r\n<p><span style="color: #ff0000;">Teclado</span></p>', 'teclado', 'Teclado', 'Teclado', '100002', '548795', 70, 200, 10, 7, 1, 20, 1, 1, 1, 1, 1, '2017-07-24 19:35:23', '2017-07-24 18:29:38');

-- --------------------------------------------------------

--
-- Estrutura para tabela `situacaos`
--

CREATE TABLE `situacaos` (
  `id` int(11) NOT NULL,
  `nome_situacao` varchar(50) NOT NULL,
  `cor_situacao` varchar(20) NOT NULL,
  `created` datetime NOT NULL,
  `modified` datetime DEFAULT NULL
) ENGINE=MyISAM DEFAULT CHARSET=utf8;

--
-- Fazendo dump de dados para tabela `situacaos`
--

INSERT INTO `situacaos` (`id`, `nome_situacao`, `cor_situacao`, `created`, `modified`) VALUES
(1, 'Ativo', 'success', '2017-06-23 00:00:00', NULL),
(2, 'Inativo', 'danger', '2017-06-23 00:00:00', NULL);

-- --------------------------------------------------------

--
-- Estrutura para tabela `situacoes_usuarios`
--

CREATE TABLE `situacoes_usuarios` (
  `id` int(11) NOT NULL,
  `nome_situacao` varchar(50) NOT NULL,
  `cor_situacao` varchar(20) NOT NULL,
  `created` datetime NOT NULL,
  `modified` datetime DEFAULT NULL
) ENGINE=MyISAM DEFAULT CHARSET=utf8;

--
-- Fazendo dump de dados para tabela `situacoes_usuarios`
--

INSERT INTO `situacoes_usuarios` (`id`, `nome_situacao`, `cor_situacao`, `created`, `modified`) VALUES
(1, 'Ativo', 'success', '2017-04-21 00:00:00', NULL),
(2, 'Inativo', 'danger', '2017-05-24 00:00:00', NULL);

-- --------------------------------------------------------

--
-- Estrutura para tabela `status_compras`
--

CREATE TABLE `status_compras` (
  `id` int(11) NOT NULL,
  `nome` varchar(220) NOT NULL,
  `cor_id` int(11) NOT NULL,
  `created` datetime NOT NULL,
  `modified` datetime DEFAULT NULL
) ENGINE=MyISAM DEFAULT CHARSET=utf8;

--
-- Fazendo dump de dados para tabela `status_compras`
--

INSERT INTO `status_compras` (`id`, `nome`, `cor_id`, `created`, `modified`) VALUES
(1, 'Aguardando Pagamento', 4, '2017-06-23 00:00:00', NULL),
(2, 'Pago', 3, '2017-06-23 00:00:00', NULL),
(3, 'Cancelado', 6, '2017-06-23 00:00:00', NULL);

-- --------------------------------------------------------

--
-- Estrutura para tabela `tipos_pagamentos`
--

CREATE TABLE `tipos_pagamentos` (
  `id` int(11) NOT NULL,
  `nome` varchar(220) NOT NULL,
  `created` datetime NOT NULL,
  `modified` datetime DEFAULT NULL
) ENGINE=MyISAM DEFAULT CHARSET=utf8;

--
-- Fazendo dump de dados para tabela `tipos_pagamentos`
--

INSERT INTO `tipos_pagamentos` (`id`, `nome`, `created`, `modified`) VALUES
(1, 'Dinheiro', '2017-06-23 00:00:00', '2017-07-25 15:07:09'),
(2, 'Cartao - Credito', '2017-06-23 00:00:00', NULL),
(3, 'Cartao - A Vista', '2017-06-23 00:00:00', NULL),
(4, 'Cheque', '2017-06-23 00:00:00', NULL);

-- --------------------------------------------------------

--
-- Estrutura para tabela `vendas`
--

CREATE TABLE `vendas` (
  `id` int(11) NOT NULL,
  `obs` text,
  `usuario_id` int(11) NOT NULL,
  `status_compra_id` int(11) NOT NULL,
  `tipos_pagamento_id` int(11) NOT NULL,
  `vendedor_id` int(11) DEFAULT NULL,
  `created` datetime NOT NULL,
  `modified` datetime DEFAULT NULL
) ENGINE=MyISAM DEFAULT CHARSET=utf8;

--
-- Fazendo dump de dados para tabela `vendas`
--

INSERT INTO `vendas` (`id`, `obs`, `usuario_id`, `status_compra_id`, `tipos_pagamento_id`, `vendedor_id`, `created`, `modified`) VALUES
(6, NULL, 10, 2, 1, 4, '2017-07-23 12:47:04', '2017-07-24 18:29:04'),
(15, NULL, 10, 2, 1, 4, '2017-07-24 18:29:38', '2017-07-25 17:04:30');

-- --------------------------------------------------------

--
-- Estrutura para tabela `vendas_produtos`
--

CREATE TABLE `vendas_produtos` (
  `id` int(11) NOT NULL,
  `valor_cotacao` double NOT NULL,
  `valor_venda` double NOT NULL,
  `qnt_produto` int(11) NOT NULL,
  `obs` text,
  `produto_id` int(11) NOT NULL,
  `venda_id` int(11) NOT NULL,
  `created` datetime NOT NULL,
  `modified` datetime DEFAULT NULL
) ENGINE=MyISAM DEFAULT CHARSET=utf8;

--
-- Fazendo dump de dados para tabela `vendas_produtos`
--

INSERT INTO `vendas_produtos` (`id`, `valor_cotacao`, `valor_venda`, `qnt_produto`, `obs`, `produto_id`, `venda_id`, `created`, `modified`) VALUES
(9, 500, 500, 5, NULL, 1, 6, '2017-07-23 12:47:04', '2017-07-24 18:16:09'),
(21, 200, 184, 1, NULL, 2, 15, '2017-07-24 18:29:38', '2017-07-24 19:35:23'),
(22, 300, 270, 3, NULL, 1, 15, '2017-07-24 18:29:38', '2017-07-24 19:35:49'),
(16, 100, 100, 1, NULL, 1, 12, '2017-07-23 14:47:48', NULL);

--
-- Índices de tabelas apagadas
--

--
-- Índices de tabela `carrinhos`
--
ALTER TABLE `carrinhos`
  ADD PRIMARY KEY (`id`);

--
-- Índices de tabela `carrinhos_produtos`
--
ALTER TABLE `carrinhos_produtos`
  ADD PRIMARY KEY (`id`);

--
-- Índices de tabela `categorias_produtos`
--
ALTER TABLE `categorias_produtos`
  ADD PRIMARY KEY (`id`);

--
-- Índices de tabela `cors`
--
ALTER TABLE `cors`
  ADD PRIMARY KEY (`id`);

--
-- Índices de tabela `fornecedores`
--
ALTER TABLE `fornecedores`
  ADD PRIMARY KEY (`id`);

--
-- Índices de tabela `niveis_acessos`
--
ALTER TABLE `niveis_acessos`
  ADD PRIMARY KEY (`id`);

--
-- Índices de tabela `niveis_acessos_paginas`
--
ALTER TABLE `niveis_acessos_paginas`
  ADD PRIMARY KEY (`id`);

--
-- Índices de tabela `paginas`
--
ALTER TABLE `paginas`
  ADD PRIMARY KEY (`id`);

--
-- Índices de tabela `produtos`
--
ALTER TABLE `produtos`
  ADD PRIMARY KEY (`id`);

--
-- Índices de tabela `situacaos`
--
ALTER TABLE `situacaos`
  ADD PRIMARY KEY (`id`);

--
-- Índices de tabela `situacoes_usuarios`
--
ALTER TABLE `situacoes_usuarios`
  ADD PRIMARY KEY (`id`);

--
-- Índices de tabela `status_compras`
--
ALTER TABLE `status_compras`
  ADD PRIMARY KEY (`id`);

--
-- Índices de tabela `tipos_pagamentos`
--
ALTER TABLE `tipos_pagamentos`
  ADD PRIMARY KEY (`id`);

--
-- Índices de tabela `vendas`
--
ALTER TABLE `vendas`
  ADD PRIMARY KEY (`id`);

--
-- Índices de tabela `vendas_produtos`
--
ALTER TABLE `vendas_produtos`
  ADD PRIMARY KEY (`id`);

--
-- AUTO_INCREMENT de tabelas apagadas
--

--
-- AUTO_INCREMENT de tabela `carrinhos`
--
ALTER TABLE `carrinhos`
  MODIFY `id` int(11) NOT NULL AUTO_INCREMENT, AUTO_INCREMENT=3;
--
-- AUTO_INCREMENT de tabela `carrinhos_produtos`
--
ALTER TABLE `carrinhos_produtos`
  MODIFY `id` int(11) NOT NULL AUTO_INCREMENT, AUTO_INCREMENT=22;
--
-- AUTO_INCREMENT de tabela `categorias_produtos`
--
ALTER TABLE `categorias_produtos`
  MODIFY `id` int(11) NOT NULL AUTO_INCREMENT, AUTO_INCREMENT=4;
--
-- AUTO_INCREMENT de tabela `cors`
--
ALTER TABLE `cors`
  MODIFY `id` int(11) NOT NULL AUTO_INCREMENT, AUTO_INCREMENT=8;
--
-- AUTO_INCREMENT de tabela `fornecedores`
--
ALTER TABLE `fornecedores`
  MODIFY `id` int(11) NOT NULL AUTO_INCREMENT, AUTO_INCREMENT=4;
--
-- AUTO_INCREMENT de tabela `niveis_acessos`
--
ALTER TABLE `niveis_acessos`
  MODIFY `id` int(11) NOT NULL AUTO_INCREMENT, AUTO_INCREMENT=16;
--
-- AUTO_INCREMENT de tabela `niveis_acessos_paginas`
--
ALTER TABLE `niveis_acessos_paginas`
  MODIFY `id` int(11) NOT NULL AUTO_INCREMENT, AUTO_INCREMENT=638;
--
-- AUTO_INCREMENT de tabela `paginas`
--
ALTER TABLE `paginas`
  MODIFY `id` int(11) NOT NULL AUTO_INCREMENT, AUTO_INCREMENT=93;
--
-- AUTO_INCREMENT de tabela `produtos`
--
ALTER TABLE `produtos`
  MODIFY `id` int(11) NOT NULL AUTO_INCREMENT, AUTO_INCREMENT=6;
--
-- AUTO_INCREMENT de tabela `situacaos`
--
ALTER TABLE `situacaos`
  MODIFY `id` int(11) NOT NULL AUTO_INCREMENT, AUTO_INCREMENT=3;
--
-- AUTO_INCREMENT de tabela `situacoes_usuarios`
--
ALTER TABLE `situacoes_usuarios`
  MODIFY `id` int(11) NOT NULL AUTO_INCREMENT, AUTO_INCREMENT=3;
--
-- AUTO_INCREMENT de tabela `status_compras`
--
ALTER TABLE `status_compras`
  MODIFY `id` int(11) NOT NULL AUTO_INCREMENT, AUTO_INCREMENT=5;
--
-- AUTO_INCREMENT de tabela `tipos_pagamentos`
--
ALTER TABLE `tipos_pagamentos`
  MODIFY `id` int(11) NOT NULL AUTO_INCREMENT, AUTO_INCREMENT=6;
--
-- AUTO_INCREMENT de tabela `vendas`
--
ALTER TABLE `vendas`
  MODIFY `id` int(11) NOT NULL AUTO_INCREMENT, AUTO_INCREMENT=16;
--
-- AUTO_INCREMENT de tabela `vendas_produtos`
--
ALTER TABLE `vendas_produtos`
  MODIFY `id` int(11) NOT NULL AUTO_INCREMENT, AUTO_INCREMENT=23;
